{"id":54,"date":"2015-02-21T18:21:52","date_gmt":"2015-02-21T18:21:52","guid":{"rendered":"https:\/\/jardineriaoliva.com\/blog\/?page_id=54"},"modified":"2015-02-21T18:21:52","modified_gmt":"2015-02-21T18:21:52","slug":"acerca-de","status":"publish","type":"page","link":"https:\/\/jardineriaoliva.com\/blog\/?page_id=54","title":{"rendered":"Acerca de&#8230;"},"content":{"rendered":"<p>Oliva Medio Ambiente y Servicios cuenta con una ampl\u00edsima experiencia en el sector de los trabajos medioambientales, habiendo desarrollado su actividad en multitud de obras de diversa \u00edndole tanto para administraciones p\u00fablicas como para grandes empresas constructoras\u00a0 y clintes particulares con todo tipo de necesidades.<\/p>\n<p>Con un equipo humano altamente cualificado que es capaz de resolver pr\u00e1cticamente cualquier requerimiento que el cliente pueda plantear y un parque de maquinaria espec\u00edfica configurado para acometer los trabajos de manera efectiva, r\u00e1pida y a un precio razonable, queremos ser la empresa de referencia y continuar con nuestro crecimiento y poder ofrecer un cat\u00e1logo de servicios tan amplio como bien atendido.<\/p>\n<p>No dude en contactar con nosotros para solicitar cualquier tipo de informaci\u00f3n. Nuestro \u00e1rea de trabajo se centra principalmente en el cuadrante nordeste de la pen\u00ednsula, pero estudiamos cualquier posible actuaci\u00f3n en otras zonas.<\/p>\n<p>El departamento de producci\u00f3n vegetal exporta arbolado a cualquier parte de Europa y norte de \u00c1frica.<\/p>\n","protected":false},"excerpt":{"rendered":"<p>Oliva Medio Ambiente y Servicios cuenta con una ampl\u00edsima experiencia en el sector de los trabajos medioambientales, habiendo desarrollado su actividad en multitud de obras de diversa \u00edndole tanto para administraciones p\u00fablicas como para grandes empresas constructoras\u00a0 y clintes particulares con todo tipo de necesidades. Con un equipo humano altamente cualificado que es capaz de [&hellip;]<\/p>\n","protected":false},"author":1,"featured_media":56,"parent":0,"menu_order":0,"comment_status":"open","ping_status":"open","template":"","meta":{"footnotes":""},"class_list":["post-54","page","type-page","status-publish","has-post-thumbnail","hentry"],"_links":{"self":[{"href":"https:\/\/jardineriaoliva.com\/blog\/index.php?rest_route=\/wp\/v2\/pages\/54","targetHints":{"allow":["GET"]}}],"collection":[{"href":"https:\/\/jardineriaoliva.com\/blog\/index.php?rest_route=\/wp\/v2\/pages"}],"about":[{"href":"https:\/\/jardineriaoliva.com\/blog\/index.php?rest_route=\/wp\/v2\/types\/page"}],"author":[{"embeddable":true,"href":"https:\/\/jardineriaoliva.com\/blog\/index.php?rest_route=\/wp\/v2\/users\/1"}],"replies":[{"embeddable":true,"href":"https:\/\/jardineriaoliva.com\/blog\/index.php?rest_route=%2Fwp%2Fv2%2Fcomments&post=54"}],"version-history":[{"count":1,"href":"https:\/\/jardineriaoliva.com\/blog\/index.php?rest_route=\/wp\/v2\/pages\/54\/revisions"}],"predecessor-version":[{"id":58,"href":"https:\/\/jardineriaoliva.com\/blog\/index.php?rest_route=\/wp\/v2\/pages\/54\/revisions\/58"}],"wp:featuredmedia":[{"embeddable":true,"href":"https:\/\/jardineriaoliva.com\/blog\/index.php?rest_route=\/wp\/v2\/media\/56"}],"wp:attachment":[{"href":"https:\/\/jardineriaoliva.com\/blog\/index.php?rest_route=%2Fwp%2Fv2%2Fmedia&parent=54"}],"curies":[{"name":"wp","href":"https:\/\/api.w.org\/{rel}","templated":true}]}}